isor of 65 and k?
13
Suppose 5*b + j - 4 = 39, 5*b - j = 47. Calculate the highest common divisor of 9 and b.
9
Let o be ((-64)/(-2) - 5) + -3. Calculate the greatest common factor of o and 8.
8
Let h = 2 + -2. Suppose h = -5*d + 433 - 163. Calculate the highest common factor of 6 and d.
6
Let c be (2/(-5))/((-1)/30). Suppose 2*l - 1 = 39. Suppose 3*w - 8*w = -l. What is the greatest common factor of c and w?
4
Suppose -3*c - 365 - 162 = 5*n, n = -1. Let p = c + 302. Suppose -2*a = -6*a + p. Calculate the highest common factor of 48 and a.
16
Suppose -3*q = -4*q + 42. What is the greatest common divisor of 168 and q?
42
Suppose 2*p = 5*p - 30. Suppose -11 = -2*y - 3*l, 0 = -2*y + 4*y + l - 9. What is the highest common factor of y and p?
2
Let g = 194 + -158. Let k = -117 + 207. Calculate the greatest common divisor of k and g.
18
Let l = -2 - -8. Let v = 15 - 13. What is the greatest common divisor of v and l?
2
Let y(d) = 15*d + 10. Let c be y(6). What is the greatest common divisor of c and 40?
20
Let f(k) = 20*k**3 + k. Let a be -1*(1 + -3 + 1). Let y be f(a). Suppose -2*i + i - 1 = 2*p, -4*i + 12 = 4*p. What is the greatest common divisor of y and i?
7
Suppose 9 = r + 2*r. Suppose -5*q + 28 = 4*o, -o + 5 = -r*q + 4*q. Calculate the highest common factor of q and 24.
8
Suppose 6*r = -7*r + 156. Suppose -2*d + 5*d = 3*x + 318, 0 = -5*x + 10. Calculate the greatest common factor of r and d.
12
Suppose -3*r = 2*d - 0*d - 63, 2*r = -6. What is the highest common divisor of d and 12?
12
Let x = -29 + 39. What is the highest common divisor of x and 90?
10
Suppose 2*j - 136 = -0*j. Let g = j + -41. Calculate the greatest common divisor of g and 9.
9
Let u be (-12)/(-30) - 733/(-5). Let w = -38 + 59. Calculate the greatest common factor of u and w.
21
Let z(t) = -t**3 - 9*t**2 - 3*t - 5. Let d be z(-6). Let j = d + 50. Let f = j - -65. What is the highest common divisor of 8 and f?
4
Suppose 0*k = k - 12. Let d(l) = l**2 - 12*l + 2. Let f be d(k). What is the greatest common factor of f and 16?
2
Let f(j) = -1 - 1 + 6*j**2 + 3*j - 1. Let d be f(-5). Suppose -w = w - d. Calculate the greatest common factor of w and 6.
6
Suppose 0 = 5*h + 2*o + o - 93, 4 = 4*o. Suppose 3*v - 4 = -16, 2*c - 3*v = 16. Let d be (-1)/c + 759/6. What is the highest common divisor of d and h?
18
Let x be ((-10)/25)/((-2)/10). Suppose -3*i = x*i. Let c = i + 24. Calculate the highest common divisor of c and 12.
12
Let y = 54 - 43. Let a be (2 + -5)*22/(-6). What is the highest common divisor of y and a?
11
Let d be (265/(-5) - -5)*2/(-4). Calculate the greatest common divisor of 120 and d.
24
Let v(a) = 3*a - 14. Let y be v(8). Let j = -6 - -16. Calculate the highest common divisor of j and y.
10
Let c = 16 + 24. Suppose -j = -3*o - 0 - 5, -3*j = 2*o - 70. Calculate the highest common divisor of c and j.
20
Let d = -1 - -6. What is the greatest common factor of d and 2?
1
Suppose p + 73 = 2*h - 4*p, -h + 9 = 3*p. Calculate the greatest common divisor of h and 12.
12
Let v(p) = p**3 + 8*p**2 + 10*p + 36. Let r be v(-7). Let c = 47 - 78. Let n = c - -106. Calculate the highest common divisor of r and n.
15
Suppose 0 = -4*a - 2*s - 22, 0*a = 4*a - 4*s + 4. Let m = 7 - a. Suppose -v + m = -0*v. Calculate the greatest common factor of 77 and v.
11
Let n(w) = -w**2 - 5*w + 2. Let k be n(-4). Let y = -5 + k. Let g(h) = h**2 - 5*h - 6. Let c be g(7). Calculate the greatest common factor of y and c.
1
Suppose c + 4*l + 6 = 0, 5*c + 5*l + 0*l = 45. Suppose 4*r + c = 3*r. Let f = r + 53. Calculate the greatest common divisor of 26 and f.
13
Let p = -11 + 16. Suppose -6*l + 4*l - g + 213 = 0, -p*l + 2*g + 519 = 0. Calculate the greatest common factor of l and 15.
15
Suppose -5*h = -2*s - 2*s - 424, 3*h - 256 = 2*s. Let j(n) = -n + 3. Let d be j(-5). What is the greatest common factor of d and h?
8
Let k = 6 - -137. Calculate the greatest common divisor of k and 13.
13
Let x(n) = n**2 - 2*n - 1. Let u be x(-1). Let b be (-138)/(-4) + u/4. What is the greatest common factor of b and 14?
7
Suppose -3*h + 84 = 3*h. Let f = -42 - -112. Calculate the greatest common factor of f and h.
14
Let z be (18/(-4))/(2/(-4)). Let b = 167 + -10. Suppose 5*y - b = 5*s - 2, -4*s + 20 = 0. Calculate the greatest common divisor of z and y.
9
Let p(m) = m + 28. Let n be p(-17). Calculate the greatest common factor of n and 55.
11
Suppose -26 + 110 = 6*u. What is the greatest common factor of 21 and u?
7
Let k = -15 - -17. Let g(a) = a**3 - 3*a + 5. Let y be g(4). Suppose -4*h + y = w + 21, -h + 93 = k*w. Calculate the highest common factor of w and 6.
6
Let b(c) = 42*c. Let f be -2 + (-5 + 3 - -6). Let s be b(f). What is the greatest common factor of s and 56?
28
Let u be (-23)/(-1) + (7 - 10). Calculate the highest common factor of 10 and u.
10
Let z = -57 + 0. Let g be z/(-9) + (-4)/(-6). Calculate the greatest common divisor of g and 56.
7
Let k = 133 + -97. Suppose y + 4 = 3*y. Suppose -3*g - 261 = -3*v, -5*v + y*g - 456 = -10*v. What is the highest common factor of v and k?
18
Suppose 4*p - 127 + 41 = -5*b, 0 = p + 1. What is the greatest common factor of 27 and b?
9
Let b(t) = 5*t + 2. Let i be b(2). Calculate the greatest common divisor of 84 and i.
12
Suppose -t + 16 = 3*t. Let x be (-2)/t*(-1 - 29). Suppose -5*v - 5 = 0, 4*o = v - 2*v + 19. Calculate the greatest common divisor of o and x.
5
Suppose 112 = 5*u + 32. Calculate the greatest common factor of 4 and u.
4
Suppose 349 = 3*v + 2*v - o, 2*v - 137 = 3*o. Let q be -1*1 + 12/2. Suppose 0 = q*m - 10*m + 50. Calculate the highest common factor of v and m.
10
Suppose -2*c + 80 = 2*i + 3*i, -4*c = 0. Let f be 634/4 - (-3)/2. What is the highest common divisor of i and f?
16
Let i be 176/32*(-1 - -3). Calculate the highest common divisor of i and 55.
11
Suppose 5*l - 421 = o, 3*l - 2*o = 5*l - 166. Calculate the highest common divisor of l and 24.
12
Let t(d) = -d**2 + 5*d + 10. Let x be t(6). Suppose 32 - 84 = -x*l. Calculate the highest common divisor of 52 and l.
13
Let n be ((-4)/6)/(2/(-3)). Let k = n + 131. Let b be 8/(-24) - 37/(-3). Calculate the highest common factor of b and k.
12
Let z(o) = -o**2 - 10*o - 7. Let y be z(-9). Let m be (3 - y)/(3/63). Calculate the highest common divisor of 3 and m.
3
Let z be 6*(5 + 21/(-6)). Calculate the highest common divisor of 12 and z.
3
Let n = -2 + 5. Let r be n*3/9*6. Calculate the highest common factor of 3 and r.
3
Let a(k) = 57*k**2 + k. Let l be a(-1). Let t = -20 + 34. Calculate the greatest common divisor of t and l.
14
Let d be (22/(-4))/((-4)/8). Calculate the highest common divisor of 88 and d.
11
Suppose -78 = -3*o + 117. What is the greatest common divisor of 13 and o?
13
Let z be (8/(-10))/((-4)/(-130)). Let k be z/(-1) - (-6 - -6). What is the highest common divisor of 13 and k?
13
Let x be ((-3)/(-2))/((-3)/(-4)). Suppose n + x - 12 = 0. Let i be 1210/40 + (-2)/8. Calculate the greatest common divisor of n and i.
10
Suppose 469 = 8*u + 69. What is the greatest common divisor of u and 2?
2
Suppose -3*r + 0 = -21. Let t(a) = -a**3 + 8*a**2 - 4*a - 9. Let u be t(r). Calculate the highest common divisor of 36 and u.
12
Let p(x) = -x**2 - 11*x - 13. Let u be p(-10). Let g be (1 - -155) + (-5 - u). Calculate the highest common divisor of g and 22.
22
Suppose 24 = 10*w - 8*w. Let m be (-8 - (-1 - -2))*-4. Calculate the greatest common divisor of w and m.
12
Suppose -9*c + 36 = 9. Calculate the highest common divisor of c and 12.
3
Suppose 5*u = u + 208. Calculate the greatest common factor of 13 and u.
13
Let j(m) = -7*m**3 - 2*m**2 + 2*m + 2. Let y be j(-2). Calculate the greatest common factor of 46 and y.
46
Let u(z) = -z**2 - 13*z - 11. Let j be u(-9). Calculate the highest common factor of 275 and j.
25
Let w be 109 - -1*(1 - -4 - 2). Calculate the highest common factor of 14 and w.
14
Let q = -26 - -37. Calculate the highest common factor of q and 88.
11
Let j be 9/54 - (5/(-6) + -1). Calculate the highest common divisor of j and 6.
2
Suppose -5*c = -5, 0 = -5*q + 2*c + 89 - 21. Calculate the highest common divisor of q and 6.
2
Let b = -15 + 6. Let v be (1*-1)/(b/1557). Let w = -124 + v. What is the greatest common divisor of w and 7?
7
Let f(g) = 65*g**2. Let i be f(-1). Suppos